94173691?
False
Is 8 a factor of 61082368?
True
Does 15 divide 9248690?
False
Is 616735192 a multiple of 716?
True
Is 135198985 a multiple of 2380?
False
Does 2699 divide 1185406198?
True
Is 5472423 a multiple of 11?
True
Does 2336 divide 1902093078?
False
Does 11 divide 706340731?
False
Does 227 divide 1180173?
True
Is 73886631 a multiple of 48?
False
Does 382 divide 106513442?
True
Does 54 divide 605203571?
False
Does 7 divide 53192499?
False
Does 137 divide 384867372?
False
Is 15 a factor of 9589230?
True
Is 449880355 a multiple of 1560?
False
Does 11 divide 3988991?
False
Is 80584780 a multiple of 32?
False
Is 67 a factor of 237959001?
False
Is 12556259 a multiple of 10?
False
Does 368 divide 31180767?
False
Is 172635900 a multiple of 2325?
True
Is 1431 a factor of 115264852?
False
Is 485527715 a multiple of 145?
True
Does 2118 divide 49886261?
False
Is 3810 a factor of 115827810?
True
Is 129 a factor of 74659137?
True
Is 239502165 a multiple of 427?
True
Is 27714876 a multiple of 28?
True
Does 14 divide 659736028?
True
Is 4374392 a multiple of 2?
True
Is 13 a factor of 216002798?
False
Is 19 a factor of 83830400?
False
Does 190 divide 494312930?
True
Is 363 a factor of 1236244584?
False
Does 1318 divide 112683728?
True
Is 255487723 a multiple of 120?
False
Is 28 a factor of 19891751?
False
Is 382 a factor of 77683553?
False
Is 15140538 a multiple of 729?
False
Is 49 a factor of 220331293?
True
Is 1374104927 a multiple of 2590?
False
Is 1994699207 a multiple of 61?
True
Does 4045 divide 879206134?
False
Does 24 divide 35767392?
True
Is 21 a factor of 9834037?
False
Does 5 divide 49823020?
True
Does 5732 divide 1528608805?
False
Does 5069 divide 1258841012?
False
Does 147 divide 36418956?
True
Is 4611 a factor of 4359700441?
False
Is 3386 a factor of 303981376?
False
Is 454 a factor of 338618194?
False
Does 52 divide 31183828?
True
Is 889 a factor of 53306177?
False
Does 49 divide 600065578?
False
Does 442 divide 2742070?
False
Is 31742490 a multiple of 471?
False
Is 5 a factor of 17743883?
False
Is 305 a factor of 49564025?
True
Is 133682790 a multiple of 10?
True
Is 49 a factor of 67089134?
True
Is 7 a factor of 130675636?
True
Is 79312438 a multiple of 79?
False
Is 3036 a factor of 8897772180?
True
Is 3 a factor of 2928090?
True
Is 1208 a factor of 168588480?
True
Does 458 divide 67268292?
True
Is 101 a factor of 336795408?
True
Does 272 divide 113970231?
False
Is 620 a factor of 12952042?
False
Does 146 divide 645515202?
True
Is 3576 a factor of 226199880?
True
Does 13 divide 15688517?
True
Is 635403448 a multiple of 262?
True
Is 72 a factor of 3154520255?
False
Is 6 a factor of 115071413?
False
Is 28 a factor of 116768148?
True
Does 2577 divide 711009762?
True
Is 215772210 a multiple of 6?
True
Is 671141836 a multiple of 155?
False
Does 42 divide 2257748826?
False
Is 3110224 a multiple of 16?
True
Is 4996095 a multiple of 195?
True
Does 192 divide 22388188?
False
Is 1076726990 a multiple of 118?
True
Is 1219630280 a multiple of 2255?
True
Is 40187991 a multiple of 1059?
True
Is 43 a factor of 106069562?
True
Is 24 a factor of 54024?
True
Is 11 a factor of 966815025?
True
Does 956 divide 112565273?
False
Does 173 divide 2688968583?
True
Does 42 divide 46713797?
False
Does 111 divide 3824283?
True
Does 60 divide 480744077?
False
Is 174546471 a multiple of 79?
True
Is 237 a factor of 26677431?
True
Is 39 a factor of 1398228340?
False
Is 26071830 a multiple of 10?
True
Does 237 divide 112791038?
False
Is 785 a factor of 40262620?
False
Is 210244867 a multiple of 29?
True
Does 6 divide 53393263?
False
Is 53 a factor of 2102403559?
False
Does 17 divide 14784419?
False
Is 11771454 a multiple of 66?
False
Does 135 divide 1553934375?
True
Does 1205 divide 51844351?
False
Does 565 divide 17809608?
False
Does 285 divide 11641170?
False
Does 29 divide 7703676?
True
Is 1084051280 a multiple of 208?
True
Does 416 divide 179649600?
True
Does 4375 divide 2002284375?
True
Is 9716585 a multiple of 193?
True
Is 1924 a factor of 23903776?
True
Is 12415612 a multiple of 26?
False
Is 2268 a factor of 1871766064?
False
Does 195 divide 33191535?
True
Does 28 divide 2701791637?
False
Is 2 a factor of 296844601?
False
Is 286 a factor of 139187985?
False
Is 26 a factor of 4631120?
True
Is 4277468 a multiple of 22?
False
Is 10712432 a multiple of 30?
False
Does 384 divide 470040576?
True
Is 28 a factor of 996304428?
True
Is 465 a factor of 27165420?
False
Is 13 a factor of 275713589?
False
Does 22 divide 38327762?
True
Is 152 a factor of 434323736?
True
Is 5705766 a multiple of 5?
False
Is 58910805 a multiple of 3?
True
Is 19903785 a multiple of 55?
True
Is 4200 a factor of 309355200?
True
Is 66689340 a multiple of 43?
False
Is 1657511832 a multiple of 8936?
True
Is 910735920 a multiple of 940?
True
Is 2 a factor of 5944373?
False
Is 157 a factor of 148377160?
False
Is 165766129 a multiple of 23?
True
Is 145 a factor of 12348995?
False
Does 12 divide 22294304?
False
Is 345713025 a multiple of 25?
True
Does 25 divide 29571569?
False
Is 339 a factor of 38683629?
True
Is 56817834 a multiple of 226?
False
Does 53 divide 192259696?
False
Is 23 a factor of 4899790?
False
Is 1458 a factor of 369037199?
False
Is 1011549304 a multiple of 718?
False
Is 12 a factor of 4136387027?
False
Does 142 divide 220216598?
False
Is 149561475 a multiple of 1225?
True
Is 84 a factor of 182514276?
True
Is 47 a factor of 514531372?
True
Is 11998627 a multiple of 640?
False
Does 1895 divide 325435930?
True
Does 18 divide 7943616?
True
Is 3675145600 a multiple of 2674?
True
Is 402785982 a multiple of 193?
True
Is 58146963 a multiple of 3?
True
Is 31106100 a multiple of 60?
True
Does 147 divide 21121253?
False
Does 11 divide 1516532220?
False
Does 148 divide 1492255786?
False
Is 177062818 a multiple of 47?
True
Does 354 divide 8560719?
False
Is 28 a factor of 77040262?
False
Is 35540520 a multiple of 815?
True
Is 319 a factor of 12485740?
False
Is 384154365 a multiple of 1149?
False
Is 37003455 a multiple of 1580?
False
Does 349 divide 1129251622?
True
Does 6 divide 1083762?
True
Does 37 divide 2313475?
False
Is 8 a factor of 22440160?
True
Is 6 a factor of 448888716?
True
Does 34 divide 512755312?
False
Does 8 divide 273377848?
True
Does 2547 divide 5112521784?
True
Does 408 divide 1064276719?
False
Is 24941034 a multiple of 64?
False
Is 9 a factor of 309012732?
True
Is 2844 a factor of 113659344?
False
Is 14072485 a multiple of 25?
False
Is 7745 a factor of 29980895?
True
Is 5 a factor of 136283662?
False
Is 526 a factor of 43261396?
True
Does 2079 divide 600647476?
False
Is 2281037198 a multiple of 90?
False
Does 1237 divide 37983384?
False
Does 284 divide 182389344?
True
Is 429 a factor of 347919000?
True
Is 763 a factor of 53553444?
True
Is 72 a factor of 78208776?
True
Is 38 a factor of 4355617?
False
Is 35518590 a multiple of 537?
False
Is 15 a factor of 57080558?
False
Is 142 a factor of 3382195050?
True
Is 2001 a factor of 156843927?
False
Is 224393499 a multiple of 295?
False
Is 36 a factor of 6191136?
True
Does 226 divide 127081465?
False
Does 2295 divide 48686130?
True
Is 47 a factor of 22745274?
True
Is 33218052 a multiple of 7?
True
Does 659 divide 20345966?
True
Does 6 divide 1139108?
False
Is 186679784 a multiple of 703?
False
Is 935 a factor of 108750785?
True
Is 43669429 a multiple of 209?
False
Is 56908580 a multiple of 10?
True
Does 1064 divide 24255304?
False
Is 1207 a factor of 19285667?
False
Is 65538884 a multiple of 458?
True
Is 3506523584 a multiple of 31?
True
Does 27 divide 235307673?
True
Is 46847279 a multiple of 219?
False
Does 538 divide 10587026?
False
Is 289606094 a multiple of 38?
True
Is 351521628 a multiple of 96?
False
Does 14 divide 110742332?
False
Is 4637 a factor of 414835347?
False
Does 17 divide 170988468?
False
Is 195088600 a multiple of 980?
True
Is 9 a factor of 206109216?
True
Does 12 divide 359112540?
True
Is 345 a factor of 136918080?
True
Is 49 a factor of 69519695?
False
Does 7 divide 199497620?
True
Is 1148 a factor of 647656828?
True
Is 25169363 a multiple of 265?
False
Is 2285445366 a multiple of 212?
False
Is 8 a factor of 724641256?
True
Is 108151072 a multiple of 3?
False
Is 406634436 a multiple of 52?
True
Is 14 a factor of 2955